2 - 7*v + 7. Let k be (-4)/(-14) - 82/(-7). Let s be 16/k*15/2. Suppose 0 = -3*j - 3*d - 2*d + s, 3*d - 17 = -4*j. What is w(j)?
-3
Let g(y) be the second derivative of -5/6*y**3 + 0 - 3*y - 3/2*y**2. What is g(-2)?
7
Suppose 2*j = 6*j - 8. Let r(i) = 1. Let s(n) = 5*n + 5. Let c(a) = 5*r(a) - s(a). Let u(l) = l. Let o(v) = j*c(v) + 6*u(v). Give o(-1).
4
Let n be ((-10)/(-3))/((-4)/(-6)). Let c be 6/(1 + n/(-2)). Let p(w) = w - 4. Give p(c).
-8
Let t(f) = -6*f. Let l be (3/6)/((-2)/(-8)). Suppose -5*a - 5*b - 30 = 0, -a - l = 3*b + 14. Calculate t(a).
6
Let h(w) = 5*w - 3. Let u(b) = -7*b + 3. Let m(s) = -3*h(s) - 2*u(s). Determine m(-3).
6
Suppose 3*w + 10 = -8. Let p(y) = 2*y**3 - 4*y**2 - 4*y + 9. Let s(x) = 3*x**3 - 3*x**2 - 4*x + 10. Let r(m) = -4*p(m) + 3*s(m). Give r(w).
6
Let k(y) = y**2 - 4*y - 6. Let o(f) = -1. Let z(u) = 1. Let v(t) = o(t) + 2*z(t). Let p(s) = -k(s) - 5*v(s). Determine p(5).
-4
Let w(k) = -k**3 - 4*k**2 - 3*k - 3. Let u be (0 + -2)*(1 + 3/3). Calculate w(u).
9
Let t(p) = 7*p - 30. Let h be t(3). Let w(y) = y**3 + 10*y**2 + 11*y + 11. Give w(h).
-7
Let k(c) be the third derivative of c**4/24 + c**3/6 + 3*c**2. Let u be k(-6). Let w(v) = -v**3 - 4*v**2 + 6*v + 2. Determine w(u).
-3
Let a(c) be the second derivative of 0 + 0*c**2 + 1/120*c**5 - 7/24*c**4 - c + 1/3*c**3. Let k(y) be the second derivative of a(y). Calculate k(6).
-1
Let d(j) be the second derivative of -j**4/4 + j**3/3 - 3*j**2/2 - j. What is d(2)?
-11
Let r be 1 + (-3 + 3 - -3). Suppose c + 8 - 24 = 2*a, -2*c - 8 = r*a. Let v(m) = -7*m. Let k(l) = -13*l + 1. Let q(d) = 6*k(d) - 11*v(d). Calculate q(c).
0
Suppose 0 = -2*a + v, 2*v = -5*a + 3*v + 3. Let l(b) = 3*b**3 - 2*b**2 + b. Calculate l(a).
2
Let s = 90 - 89. Let v(j) = j - 2. Give v(s).
-1
Let a(q) be the second derivative of -1/120*q**5 + 7/720*q**6 - 1/12*q**4 + 2*q + 0*q**3 + 0 + 0*q**2. Let d(l) be the third derivative of a(l). What is d(1)?
6
Let a(o) = -o + 4*o - 5*o**2 - 5*o**3 + 6*o**3 - o + 5. Let q be a(4). Let j(l) = -2*l + 2. What is j(q)?
8
Let a(j) = j - 6 + 9 + j - 5. Give a(2).
2
Let r(t) = 2*t + 4. Let g(l) = -l + 7. Let n be g(11). Calculate r(n).
-4
Let s = 52 + -54. Let m(a) = -a**3 + 4*a**2 + 3*a. What is m(s)?
18
Let i(l) = -10*l**2 + 2*l - 1. Let t(q) = -q**2 + 12*q - 8. Let j be t(11). Let n = j + -2. What is i(n)?
-9
Suppose -3 = 3*g - 0*g. Let q(d) = d. What is q(g)?
-1
Let t(i) = -5*i**2 + 1. Let x be -1 - -4*(-1)/(-2). Calculate t(x).
-4
Let t(u) be the first derivative of u**4/4 - 2*u**3 + 3*u**2 + u + 7. What is t(5)?
6
Suppose -11*g - 36 = -2*g. Let v(s) = -s**3 - 3*s**2 + 2*s - 3. Give v(g).
5
Let o(w) = 7*w + 3. Let c(f) = f + 1. Let y(n) = -6*c(n) + o(n). Calculate y(6).
3
Let a(n) = -7*n**2 - 6*n - 8. Let y be (1 - (-2 - -2))*11. Let k(q) = -4*q**2 - 3*q - 4. Let i(u) = y*k(u) - 6*a(u). What is i(3)?
-5
Let i(v) = -v**3 + 2*v**2 + 3*v - 3. Let c = 4 - 8. Let t = -2 - c. What is i(t)?
3
Let n = -6 + 8. Let p(j) be the first derivative of j**4/4 - 5*j**3/3 + j**2 - 2*j - 3. Give p(n).
-10
Let d(c) be the second derivative of c**4/12 - c**3/6 - c**2 + 5*c. Let p be (6/(-8))/((-5)/(-20)). Give d(p).
10
Suppose -3*d - 42 = -l - 4*l, -20 = -4*l - d. Let s(b) = b. What is s(l)?
6
Let x(r) = -1. Let f(d) = -d + 4. Let s(z) = -f(z) - 4*x(z). Let q be s(1). Let g(o) = 0*o + 4*o - 2*o - 1. Determine g(q).
1
Let c(g) = -g + 1. Let j(p) = p**3 + 7*p**2 - p - 5. Let i be j(-7). Let n be i + (2 - 3) - -2. Let z be c(n). Let s(v) = -2*v. Calculate s(z).
4
Let o(s) = s**3 + 6*s**2 - 5*s - 4. Let v(w) = 5*w**3 + 24*w**2 - 19*w - 17. Let h(l) = 9*o(l) - 2*v(l). Calculate h(5).
-12
Let s(z) = -z**2 - 6*z + 11. Let r(q) = 10*q + 22. Let b be r(-3). What is s(b)?
-5
Let b(r) = r. Let c be 1 + (-4 + (-20)/(-6))*-6. Calculate b(c).
5
Let n(p) = 3*p**3 - 6*p**2 - 2*p - 1. Let d(g) = 7*g**3 - 13*g**2 - 5*g - 3. Let w(q) = 4*d(q) - 9*n(q). What is w(-2)?
1
Let s(k) be the third derivative of 11*k**7/5040 + k**6/720 + 2*k**5/15 + 6*k**2. Let d(u) be the third derivative of s(u). What is d(1)?
12
Let a(p) = -6*p + 38 - 83 + p**3 + 40 + 3*p**2. Calculate a(-4).
3
Let w(x) be the second derivative of -x**3/6 + 5*x**2/2 + 7*x. Give w(4).
1
Let i(o) be the third derivative of -o**8/6720 + o**7/630 + o**6/240 - o**5/20 - o**4/4 - o**2. Let d(m) be the second derivative of i(m). Calculate d(4).
6
Let k be 4/16 + 99/(-12). Let b = k - -6. Let g(f) = 2*f - 1. Determine g(b).
-5
Suppose -5*y - 18 = b, -3*b = -4*y - 1 - 2. Let o(d) = 2*d + 4. Determine o(b).
-2
Let y(d) = d**3 - 9*d**2 - 9*d + 4. Let z = -94 - -104. Calculate y(z).
14
Let g be ((-12)/6)/(4/(-10)). Suppose -g*u = -2*u + 6. Let x(v) = 5*v + 1. What is x(u)?
-9
Let y(r) be the third derivative of r**5/60 + r**4/12 - 7*r**3/6 + r**2. Suppose m = 3 - 8. What is y(m)?
8
Let a = 1 - -4. Suppose c - 5*c = -2*n + 8, -3*n - a*c + 12 = 0. Suppose n = 2*y - 2. Let s(k) = -k**3 + 3*k**2 + 2*k + 1. Determine s(y).
7
Let z(s) = -s**2 - 10*s**2 + 12*s - 4*s**2 + s**3 + 10 + s**2. Let r be z(13). Let n(a) = a**3 + 2*a**2 - 5*a - 4. What is n(r)?
2
Let c(m) = m - 1. Let p be c(-1). Suppose -2*k = 5*x + 8, -3*x + 2*k - 4 = 4*k. Let b be p - 1/2*x. Let g(v) = 4*v**2 + 2*v + 1. Determine g(b).
3
Let j(i) = -7*i - 2. Let v be j(-1). Let h(x) = 2*x - 6. What is h(v)?
4
Let h(k) = -k**3 - 4*k**2 - 4*k + 1. Let y be h(-3). Let g be (6 - 3)*8/12. Suppose -2*m = g*m - y. Let w(i) = 4*i - 1. Give w(m).
3
Let a(k) = k - 8. Let h(y) = y - 8. Let f(o) = 5*a(o) - 4*h(o). Suppose -4*l - 12 = -s - 4*s, 2*s + 5*l = -15. Give f(s).
-8
Let d = -4 + 1. Let x(u) = u**2 + 3*u. Let f be x(d). Let g(n) = -2 + 5 - n**3 + f*n - n. What is g(0)?
3
Let y = 1 + -13. Let k be 2/((-28)/y + -3). Let g(i) = 2*i - 3. Give g(k).
-9
Let j(d) = -d**2 + 4*d + 8. Let k(g) = g**2 - 17*g + 22. Let u be k(16). Determine j(u).
-4
Let w = -6 + 6. Let i be -2 + w + 12/2. Suppose i*x + 40 = 5*s, -8 = 3*x + s + 3. Let v(k) = k**2 + 5*k - 7. Determine v(x).
-7
Suppose 1 = 4*v - 11. Suppose 4*o + 44 = v*l, 0*o - 6 = o - 2*l. Let u = 8 + o. Let i(p) = p**3 + 6*p**2 - 2. Determine i(u).
-2
Let a(d) = 2*d**2 + d - 2. Suppose -4*s + 5*y + 13 = 0, 2*s - 9 = 2*y + 3*y. Suppose -6*o + s*o + 24 = 0. Let w be 1/((-9)/o)*3. Determine a(w).
4
Let w(g) = -g**2 + g - 1. Let z = 31 - 31. Determine w(z).
-1
Let d(j) = 3*j - 3. Let o(h) = 3*h - 3. Let a(b) = 4*d(b) - 5*o(b). What is a(2)?
-3
Let k(b) = -23*b**2 - 26*b - 3. Let s(f) = 8*f**2 + 9*f + 1. Suppose 0*z = 4*z - 24. Let d(m) = z*k(m) + 17*s(m). What is d(-2)?
-3
Let l(z) = -z - 10. Let v be l(0). Let c be (-4)/v + 13/5. Let w(p) be the second derivative of -p**5/20 + p**4/6 + 2*p**3/3 - 3*p. Determine w(c).
3
Let r be (2/(-9))/(240/(-9)). Let p(o) be the third derivative of 2/3*o**3 + 0*o - 1/24*o**4 + o**2 + r*o**6 + 0 - 1/60*o**5. Give p(0).
4
Let k(g) be the first derivative of -2*g**2 - 9*g + 8. Let y(t) = 3*t + 6. Let f(m) = -5*k(m) - 7*y(m). Determine f(5).
-2
Let q be ((-1)/(-1))/(-2 + 3). Suppose 4*b = 4*l, -l + 3*l + 3*b = 5. Let s be (q/(-3))/(l/15). Let r(m) = m**2 + 5*m + 3. Give r(s).
3
Let s(v) = v**2 - v - 10. Let a be 0/(-4 + (0 - -2)). Determine s(a).
-10
Let r be 1/((-5 - -3)/12). Let s(h) = h**2 + 7*h - 1. Give s(r).
-7
Let g(p) = p**3 - p**2 + p. Suppose -12 = -4*y - 0. Suppose 5*q + z = 12, -2*q + y*z = z. Give g(q).
6
Let b(p) = p - 10. Suppose -5*k = -3*k - m - 14, -m - 4 = 0. Let y be (-15)/k - -8*1. Determine b(y).
-5
Let r(f) = 20*f. Suppose 0 = 7*t + 10 - 3. Give r(t).
-20
Let w = 15 + -25. Let b = -13 - w. Let i(h) = h**2 + 8*h + 4. Calculate i(b).
-11
Let r(f) = -f**2 - 1. Let i(p) = 3*p**3 - 3*p**2 - p - 3. Let v(c) = i(c) - 3*r(c). What is v(-1)?
-2
Let z(r) = -r - 8. Let n be z(-8). Let d(h) be the second derivative of h**5/20 + h**4/12 + h**3/6 - 5*h**2 + 5*h. Calculate d(n).
-10
Suppose 0 = b + 2 - 4. Suppose z - b*n + 1 = 0, -n + 4 = 3*z + 7. Let t(p) = 9*p**3 + 1. Calculate t(z).
-8
Let n = 45/38 + 6/19. Let y(t) be the second derivative of 0 - 2*t - 1/12*t**4 + t**3 - n*t**2. Calculate y(3).
6
Suppose 0 = -k - 2*k - 3. Let b = -3 + 5. Let w(x) = 3*x**b - 2*x + 2*x - 1. What is w(k)?
2
Let o(x) be the third derivative of x**4/24 + x**3/6 + 5*x**2. Let s = -2 + 1. Calculate o(s).
0
Let p(g) be the third derivative of g